pose -i - 3*i + 20 = 0, l - 2*i + 9 = 0. What are the prime factors of n(l)?
3
Let u(f) = -4*f - 11. Let l(b) = b - 9. Let t be l(0). List the prime factors of u(t).
5
Let u = 78 + 84. List the prime factors of u.
2, 3
Let v = 68 + -28. List the prime factors of v.
2, 5
Suppose 5*y = y + 148. List the prime factors of y.
37
Suppose 0 = 2*j - 5*w + 15, -5*j = 2*w - w - 30. Suppose -2*b + 4*m + 48 = 0, 2*b + j*m - 55 + 7 = 0. What are the prime factors of b?
2, 3
Let t = 23 + -13. Suppose -6*x + x + t = 0. Suppose x*k - 14 = -0*k. List the prime factors of k.
7
Let m(d) = -d**3 - 4*d**2 + 3*d - 6. Let r be m(-5). Let p be -2 + r/((-6)/(-3)). Suppose 0*z - 2*z - o = -3, z + o + 1 = p. List the prime factors of z.
2
Let w = -26 - -69. List the prime factors of w.
43
Let f = 96 + 42. List the prime factors of f.
2, 3, 23
Let h = 2 - -2. Suppose i = h*i - 54. List the prime factors of i.
2, 3
Let f(c) = -9*c**3 + 3*c + 2. What are the prime factors of f(-3)?
2, 59
Let s(m) = -5*m**2 - m + 2. Let f be s(-2). Let t = f + 19. List the prime factors of t.
3
Let f(j) = -j**2 - 2*j - 3. Let v be f(-5). Let g = -48 - -73. Let y = g + v. What are the prime factors of y?
7
Suppose 63 = c - 63. What are the prime factors of c?
2, 3, 7
Suppose 3*c + 146 = -c + u, -c + 3*u - 42 = 0. Let l be (-8)/c - (-104)/18. Let s(o) = -o**2 + 8*o - 6. List the prime factors of s(l).
2, 3
Suppose -70 = -20*c + 18*c. List the prime factors of c.
5, 7
Let d = -349 + 635. List the prime factors of d.
2, 11, 13
Let p be (-6 + 0)/((-4)/34). Let y(x) = x**2 + x - 3. Let v be y(-3). Suppose 2*b - p = -5*f + 3*b, 2*f - 10 = v*b. List the prime factors of f.
11
Suppose 5*y - 2*a - 2*a = 187, 2*a - 169 = -5*y. List the prime factors of y.
5, 7
Let w(b) = 4*b**3 - 3*b**2 - 7*b + 13. Let a(p) = 2*p**3 - p**2 - 4*p + 7. Let j(n) = -5*a(n) + 3*w(n). List the prime factors of j(3).
19
Suppose 2*g + x + 21 = 6*g, -3*x = -3*g + 27. Let k(c) = c**3 - 3*c**2 - 5*c + 4. Let s be k(g). Suppose s = 3*t + 7 - 19. List the prime factors of t.
2
Let o be (-2)/(-1*1/(-8)). Let h be (-2)/(-9) - (-1338)/54. Let n = h + o. List the prime factors of n.
3
Let n = -124 - -177. List the prime factors of n.
53
Let m(j) = j + 8. Let o be m(-6). Suppose 4*r - 149 = -3*y, r - y = -o*r + 128. List the prime factors of r.
41
Let x(l) = -l**3 + 25*l**2 + 3*l - 41. What are the prime factors of x(25)?
2, 17
Let s = 76 + -46. What are the prime factors of s?
2, 3, 5
List the prime factors of 12/(-10)*30/(-9).
2
Let z(d) = d**2 + 4. Let p be z(0). Suppose 5*c = -w + 389, -p*w - 2 = c - 95. What are the prime factors of c/7 + 2/1?
13
Let m(c) = -c**2 - 4*c. Let j be m(-4). Suppose b + 121 = 3*x + x, j = -3*x - 4*b + 67. List the prime factors of x.
29
Suppose 178 = 2*o - 4*n, n = -o + 55 + 34. List the prime factors of o.
89
Suppose -138 = -2*z - 48. List the prime factors of z.
3, 5
Let a be (1 + -4)*(-16)/6. Suppose w - a - 2 = 0. What are the prime factors of w?
2, 5
Let k = 227 + -135. List the prime factors of k.
2, 23
Suppose -5*c = -c. What are the prime factors of (-3 - (10 - c))/(-1)?
13
Suppose 5*z + 16 = r + 70, 4*z = 3*r + 41. What are the prime factors of z?
11
Suppose 16 = 3*a - 7*a, -3*o - 35 = 2*a. What are the prime factors of (2 - o) + 6/2?
2, 7
Suppose -7*h + 183 = -4*h. What are the prime factors of h?
61
Let q = -3 - -4. List the prime factors of (-1 - q)/2*-2.
2
Suppose c = -3*c + 20. Suppose -33 = -c*o + 4*o. List the prime factors of o.
3, 11
Let f(o) = -3*o + 11. Let i be f(7). Let j = i - -19. List the prime factors of j.
3
Let u(w) = w**2 + 9*w + 10. Let k be u(-10). Suppose -x + k = -0*x. List the prime factors of x.
2, 5
Let k = 6 + -4. Let n be k/(-8) - (-26)/8. Suppose n = -3*q + 48. List the prime factors of q.
3, 5
Suppose 0 = -3*t - 2*t - 5*a + 1270, -4*a = 0. List the prime factors of t.
2, 127
Let m(a) = -a**3 - 10*a**2 - 10*a - 6. Let d be m(-9). Suppose 0 = 6*x - d*x - 30. List the prime factors of x.
2, 5
Suppose 5*x - 27 = -2*c, -4*x + 2*x = c - 12. Let z = c + 0. Suppose -a = -3*s + 22, -3*s + 2*a = z*a - 17. What are the prime factors of s?
7
Let i(x) = 2 - 5*x**2 - 2*x**3 - 6*x + 0 + 5*x. Let z be i(-3). List the prime factors of 178/z - (-6)/21.
13
Suppose -6*x + 72 = -3*x. What are the prime factors of x?
2, 3
Let z be 21/12 - (-2)/8. Suppose 0 = 4*t - 12, -y - z*t + 18 = 3*y. What are the prime factors of y?
3
Suppose w + 790 = 5*w - 5*z, -2*w = z - 402. Suppose 4*m = -m + w. List the prime factors of m.
2, 5
Let n(g) = -g**2 - 8*g - 7. Let u be (0 - (-3)/(-3)) + 3. Suppose -2 = u*t + 10. What are the prime factors of n(t)?
5
Let v = 1 - 1. Suppose -4*f + 5*f = v. Let k = f + 6. List the prime factors of k.
2, 3
Let a(y) = -9*y + 1. Let r be a(-1). Suppose 0 = 3*z - 5 - r. Suppose 4*w - 3*w = z*d - 53, 0 = -5*d + 2*w + 51. What are the prime factors of d?
11
Let r(n) = n**2 + 8*n - 9. Let o be r(-9). Suppose -2*i + 18 + 0 = o. What are the prime factors of i?
3
Let s(q) = 5*q + 2. Suppose -2*f = 5*p - 28, 5*p + 3*f + 2*f = 40. List the prime factors of s(p).
2, 11
Suppose 5*j - 15 = 20. Suppose j = f + 2*t, 4*t - 23 = -3*f - 0*f. List the prime factors of f.
3
Let k be (-8)/3 - (-3)/(-9). Let m be k/(-2)*1*8. What are the prime factors of (56/m)/((-4)/(-6))?
7
Suppose -p - 5*v = -35, -2*p - 4*v + 55 = -3. What are the prime factors of p?
5
Let r(u) = -u**2 + u + 3. Let b be r(0). Suppose k - 14 = b. List the prime factors of k.
17
Let h be 34/1 - (4 - 1). Suppose -4*f = 3*d + 58, 4*f - 8*f - 2*d - 60 = 0. Let k = f + h. List the prime factors of k.
3, 5
Let n = -11 + 109. What are the prime factors of n?
2, 7
List the prime factors of 50*(1/(-2) - -1).
5
Let h be 142/8 - 1/(-4). Let u = h + -13. List the prime factors of u.
5
List the prime factors of ((-6)/(-12))/((-2)/(-188)).
47
Suppose 0 = 70*z - 75*z + 790. What are the prime factors of z?
2, 79
Suppose 6*p - 5*p = -2*i + 17, 3 = -p + 3*i. Let y = p + -7. List the prime factors of 1 - (-39)/6*y.
2, 7
Let o(q) = 3*q**3 - q**2. Suppose 4*n - 38 = -2*t, 3*n - n - 10 = 0. Let c be (1/1)/(-8 + t). What are the prime factors of o(c)?
2
Let t(k) = -5*k**2 - k + 3. Let x(i) = -6*i**2 - 2*i + 3. Let b(o) = -4*t(o) + 3*x(o). Let v be b(4). Let f = -13 + v. List the prime factors of f.
2
Let b(t) = -t**3 - t**2 + t - 3. Let l be -5 - 2*(0 + -1). List the prime factors of b(l).
2, 3
What are the prime factors of 2 + 765/5 - 4?
151
Suppose -4*t = -t + 15. Let c = -2 - t. Suppose 0*n = -c*n + 39. What are the prime factors of n?
13
Let h = 50 - 21. What are the prime factors of h?
29
Let d(l) = -24*l**3 - 2*l**2 - 3*l - 2. What are the prime factors of d(-1)?
23
Let c = 533 - 358. List the prime factors of c.
5, 7
Let o be (-4)/(-6) - 2/(-6). Let p(h) = h + 1. Let i(s) = 5*s**2 + 5*s + 6. Let u(a) = o*i(a) - 5*p(a). List the prime factors of u(-1).
2, 3
Suppose 2*q + 28 - 158 = 0. List the prime factors of q.
5, 13
List the prime factors of -1 + 4/(-8)*-6.
2
Let h be (-27)/(-6)*(-8)/6. Let r(m) = -m**2 + m - 3. Let d(q) = 1. Let l(c) = h*d(c) - r(c). What are the prime factors of l(3)?
3
Suppose 0 = 4*j - 2 - 42. Let y = 6 - 7. Let l = j - y. What are the prime factors of l?
2, 3
Suppose -2 = 2*f - q - 1, -15 = 5*f - 5*q. Suppose -3*n - k + 45 = 2*n, f*k - 10 = -2*n. What are the prime factors of n?
2, 5
Suppose 5 = 5*h, 5*v + 4*h = 2*v + 226. List the prime factors of v.
2, 37
Suppose 0 = -40*d + 36*d + 468. What are the prime factors of d?
3, 13
Let s(k) be the first derivative of -k**2/2 + 5*k + 4. Let i be s(3). Suppose 1 = -i*h + 21. What are the prime factors of h?
2, 5
Let g(o) = -o**3 + 7*o**2 + 8*o - 12. List the prime factors of g(6).
2, 3
Suppose -21*h = -16*h - 630. What are the prime factors of h?
2, 3, 7
Let a(n) = 12*n. Let u(l) = -2*l**3 + l**2 - 1. Let s be u(-1). What are the prime factors of a(s)?
2, 3
Let g = 44 + -14. Suppose 2*a = -a + g. Suppose m = -m + a. What are the prime factors of m?
5
Suppose -5*b = 2*o - 89, -o - 300 = -6*o + 3*b. What are the prime factors of o?
3, 19
Let b(a) be the second derivative of a**3/6 - a**2 - a. Suppose 2*i = 26 - 6. List the prime factors of b(i).
2
Let i(u) = 15*u - 9. Let o be i(4). Suppose -191 = -4*v - o. What are the prime factors of v?
5, 7
Suppose 2*k = -5*u +